uppose 5*s - s + 44 = 0. Let d = -10 - s. Is (d/(-2))/((-6)/2532) composite?
False
Let t = 5415 + -3836. Is t a prime number?
True
Is 5/((-20)/(-22952)) + (-1 - 0) composite?
False
Suppose -u - 3*m + 904 + 4353 = 0, -2*u = -4*m - 10514. Is u a composite number?
True
Let c be (((-1226)/8)/(-1))/(5/40). Let h = -795 + c. Is h composite?
False
Suppose 22*m - 20*m - 3254 = 0. Let x = m + -906. Is x composite?
True
Let l(f) be the second derivative of 1/12*f**4 - 1/6*f**3 + 0 + 5/2*f**2 + 1/10*f**5 - 2*f. Is l(4) a composite number?
True
Let f be 60/54 - (-4)/(-36). Is ((-22099)/8)/(-11) + f/(-8) a composite number?
False
Is -5 + -5*(-99972)/45 composite?
True
Let b(d) = 1237*d**2 + 44*d - 16. Is b(5) composite?
True
Suppose 49503 = 21*i - 3060. Is i composite?
False
Let a(d) = -26*d**3 - 13*d**2 - 5*d - 11. Is a(-5) a prime number?
True
Suppose 44*l - 41*l + 5363 = 2*v, 0 = -5*v + 2*l + 13413. Is v a prime number?
True
Is (1713 - (-20)/(-5))/1 a composite number?
False
Let j(z) = 62*z**2 + 7*z - 123. Is j(8) composite?
True
Suppose 5*h + 0*a = -3*a - 11092, h + 2200 = 4*a. Let v be (-2)/(-6) - h/12. Suppose -4*x = 5*u - 774, -2*x + 5*u - v = -557. Is x prime?
True
Let w be (-42)/4*(-2)/3. Let s(c) = 18*c + 1. Is s(w) a composite number?
False
Suppose 3548 + 3490 = 6*x. Suppose -x + 10722 = 3*n. Is n a composite number?
True
Let x = 11 + -13. Let o be ((-2)/x)/(2/10). Suppose -v = -o, 6*l = 3*l + v + 952. Is l prime?
False
Let v = 29 + 134. Is v prime?
True
Suppose 0 = -2*x - 3*x + 30. Suppose x*o - 2*o = 3*v + 758, 3*o - 575 = -v. Is o composite?
False
Suppose -4*f - b = -192629, -21*f + 4*b - 240789 = -26*f. Is f prime?
True
Suppose -31*p + 708 = -35*p. Let f = p + 584. Is f prime?
False
Is (-12)/22 + (-664595)/165*-3 a prime number?
False
Suppose -6*q - 2 = -4*w - 3*q, 2*q = -4. Is (w/2)/(9/(-2946))*3 a composite number?
False
Suppose 5*i + 4*y - 15055 = 0, -4*i + 7889 = 4*y - 4151. Let v = i + -2126. Is v prime?
False
Suppose 2*z + z + 11 = 2*s, -3*z - 25 = -4*s. Let o(c) = -3*c + 7. Let l be o(s). Is -1*2 + (l - -149) a prime number?
False
Let k be 123 - (-1 + 6 + -3). Suppose 0 = f - 2*f + k. Is f composite?
True
Let g be 1 + 5 + -3 + 37. Suppose 0*i - g = i. Let q = 75 + i. Is q a composite number?
True
Suppose 6*w - 3*w + 16 = 2*d, 2*d - 10 = 0. Let n(l) = 3*l. Let z be n(w). Is (93/(-12))/(z/120) a composite number?
True
Let r(m) = 8408*m - 41. Is r(1) a composite number?
True
Suppose 2*p - 5*g - 1 - 19 = 0, 0 = -3*p + 2*g + 19. Suppose 5*x = -4*h + 20, -p*x + 2*h - 5*h = -15. Suppose x*v + m - 134 = -2*v, -v + 67 = 2*m. Is v prime?
True
Let v(u) = 478*u - 13. Is v(14) composite?
False
Let m be 1/(-5) - (12402/15 - -2). Suppose 0 = 4*n - 2*r + 2314, -420 - 2445 = 5*n + 3*r. Let g = n - m. Is g a prime number?
False
Suppose 46 + 39 = z. Suppose -s = -0*s - z. Is s a prime number?
False
Let f = 224 - 85. Is f prime?
True
Let h(s) be the first derivative of s**3/3 + 3*s**2 - 2*s - 3. Let u be h(-7). Suppose 2020 = u*y - 385. Is y composite?
True
Let t(v) = -1280*v - 77. Is t(-6) a composite number?
False
Is -1 + (-10 - -44652) + 4 prime?
False
Let n(o) = 312*o + 727. Is n(8) composite?
True
Suppose -3 = -f, 2040 = -5*t - 4*f - f. Let w(n) = -2*n + 1. Let k be w(3). Is 1/k + t/(-5) composite?
True
Let s(q) = 3 - 17*q**3 - 4*q**2 - 2*q**2 + 5*q + 7*q**2 - 3*q**2. Is s(-5) prime?
True
Let h = -110 - -426. Let a be 8/(-36) + 74/9. Suppose a*d = 4*d + h. Is d prime?
True
Let y(g) = -6*g**3 - 7*g**2 - 2*g + 10. Let b be y(-5). Let j = -425 + b. Let x = j + 201. Is x prime?
False
Is (4/((-8)/(-26)))/(23/8441) a prime number?
False
Suppose -4*p = -20, 5*p = l + 6*p - 13222. Is l prime?
True
Suppose -5*z - 35 = -b + 9, -4*b = -16. Is (68/z)/((-5)/70) composite?
True
Suppose 0 = -l - 3 - 2, l + 41 = -4*d. Is ((-2)/(-9) + (-2797)/d)/1 composite?
False
Suppose -5*d - 3*h = -h - 164779, 3*d - 98883 = 4*h. Is d composite?
False
Let u(q) = 2*q**3 + 42*q**2 - 49*q + 95. Is u(-22) composite?
True
Let y be 0 + 4 - (-1 + 5). Let c(g) = g + 877. Is c(y) a prime number?
True
Suppose -17*v + 393692 = -254654. Is v a prime number?
False
Let f(c) = c**2 - 3*c + 9. Let n(l) = l**3 + 6*l**2 - l + 4. Let r(s) = s**2 + 8*s + 6. Let v be r(-6). Let q be n(v). Is f(q) a prime number?
True
Suppose -3*j + 6 = 0, -5*t - 5*j = -0*j - 1540. Suppose 3*l - 13 = 8. Suppose l*f = 3*f + r + t, -r = 5*f - 387. Is f composite?
True
Suppose 4*g + 4*k = 18532, -4*k = -0*g - 2*g + 9272. Suppose -7*n + 14*n - g = 0. Suppose -n = -u - 39. Is u composite?
True
Let j(d) = d**2 + d. Let b be j(2). Is (-6)/9*1 - (-2710)/b a prime number?
False
Let k be 1/(-2) + 53/(-2). Suppose 0 = -5*z + 2*b - 229, 3*z + 55 + 70 = -5*b. Is 182/5 + k/z a composite number?
False
Suppose -y + 4*h = 836, -5*y - 4*h + 3344 = -9*y. Let t = 1415 - y. Is t prime?
True
Let y = 1663 - -1714. Is y prime?
False
Let x(d) = 337*d**2 - 16*d - 2. Is x(-3) prime?
True
Let w = 692 - 282. Let s = 613 - w. Is s a composite number?
True
Let s = 7 - 14. Let v be 21/3*390/s. Let n = v + 685. Is n prime?
False
Suppose -4*r = -2*r - 6. Suppose 0 = 3*a - 2*a - 734. Suppose o - a = -3*o + 3*t, 3*o - 561 = -r*t. Is o composite?
True
Let z be 1930 + 1 + 1 + -3. Let o = -1267 + z. Is o a prime number?
False
Let q = -33 + 17. Suppose -4*j = -9 + 41. Is (-9078)/j + q/(-64) a composite number?
True
Let k(a) = 6*a**3 - 9*a**2 + 3*a - 2. Let f(g) = g**3 - g**2 + g - 1. Let t(n) = -4*f(n) + k(n). Suppose 5*s = 15, -1 = -4*u + 4*s + s. Is t(u) prime?
False
Suppose 6*t - 63710 = -4*t. Is t composite?
True
Suppose 48 = 6*w - 3*w. Suppose 3*p - w = 2*r, p - 2*p = 5*r - 11. Suppose p*g - 812 = 2*g. Is g prime?
False
Suppose -j + 19 = 2. Let q = -17 + j. Suppose 2*h - 25 - 3 = q. Is h composite?
True
Let h(i) = -i**2 - 15*i + 38. Let a be h(-13). Let c = 102 - a. Is c a composite number?
True
Suppose -15 = -5*n - 5. Suppose a + 2*k - 374 = 588, 0 = -2*k + n. Let w = a + -293. Is w a composite number?
True
Suppose -7*d = d + 36216. Let r = -2348 - d. Is r prime?
True
Suppose -8*h + 25 = -3*h. Suppose 0 = -h*l + 6576 + 2429. Is l prime?
True
Let r(s) = -2*s**3 + 4*s + 12581. Is r(0) composite?
True
Is (-130732)/(-115) - (-2)/10 prime?
False
Suppose 2*z = 5*z + 9. Is 2811*((-10)/z + -3) a prime number?
True
Is ((48072/16)/3)/(1/2) composite?
False
Is (-74)/481 - (-18189)/13 a composite number?
False
Let z(u) = -u**2 - 6 + 3 - 9*u - 9. Let d be z(-8). Is (-9)/(-36) - 631/d prime?
False
Let g = 33874 + -22847. Is g a composite number?
False
Suppose 0 = -8*z + 664056 - 125728. Is z a prime number?
False
Let s(m) = m**2 - 17*m. Let d be s(17). Suppose d = a - 1373 - 3464. Is a prime?
False
Let x be (2 - 4) + 3 + -5. Is x + (3 - -1) + 223 composite?
False
Let m(t) = 2*t**2 - 29*t + 24. Let j be m(14). Suppose -4*d - 9*c = -j*c - 839, -3*d - 3*c + 618 = 0. Is d prime?
False
Is 961120/16*(-2)/(-20) a composite number?
False
Suppose -7222 = -8*a + 330. Let g = a - -727. Is g a prime number?
False
Suppose -3*x + 5*z = -75725 - 24573, 2*z + 66864 = 2*x. Is x a composite number?
True
Let g(h) = 65*h + 3. Let a(p) = 64*p + 4. Let v(d) = 4*a(d) - 3*g(d). Let f be v(9). Suppose 22*t - 18*t - f = 0. Is t composite?
False
Let r(t) = 1075*t + 82. Is r(21) composite?
True
Let c = 37434 + -20033. Is c a composite number?
False
Suppose -3*c = 7*c - 32870. Is c a prime number?
False
Suppose -8 + 112 = 2*d. Let p = -30 + d. Is p a composite number?
True
Suppose 8 = 2*k, -h + 10*k - 8*k = -2625. Is h a composite number?
False
Suppose 4*v - 3*n - 667 = 0, -4*v + 131 = 4*n - 529. Suppose -2*c - d + 71 = 0, -4*c = 5*d + 21 - v. Is c composite?
True
Suppose 0 = 53*l - 24*l - 1647403. Is l prime?
True
Let r be (-20)/(-16) - 1/4. Let j be r/6 - (-8866)/12. Let y = -384 + j. Is y a composite number?
True
Suppose 5*i + 25 = -0*i. Is (i/15)/(2/(-186)) prime?
True
Let i be 1*2 - 0/4. Suppose 0 = -i*j - 3*j + 10. Suppose -j*l + 237 = l. Is l prime?
True
Suppose 140935 = 3*v + 7924. Is v a composite number?
True
Let g be ((-12)/(-10))/((-4)/(-10)). Is -7 + g + (-1 - -2044) prime?
True
Let o be -2 - -270 - 4/(-2). Suppose 0 = 2*r - 256 - o. Is r composite?
False
Let u be 3 - (-1*8/4 - 707). Suppose -25*o + u = -21*o. Is o a composite number?
True
Let j be (10/15)/((-2)/9) - -128. Le